se 8) in base 2?
101110110111100000010
What is -328912a (base 11) in base 15?
-78d6d0
Convert -10011010010011000000 (base 2) to base 12.
-2658a8
Convert -c5c37 (base 14) to base 13.
-139220
-3138a95 (base 12) to base 2
-100011011010101100010001
Convert 1c736c3 (base 14) to base 7.
232136633
What is 1212413 (base 7) in base 14?
4047a
What is -353b4 (base 13) in base 8?
-276052
2030211024 (base 5) to base 2
1111110100100110110111
Convert 605301 (base 7) to base 5.
11241310
Convert 53cdee (base 15) to base 13.
a9a288
Convert -182968 (base 10) to base 16.
-2cab8
What is -8856c (base 14) in base 15?
-67d3b
What is 926aa (base 16) in base 2?
10010010011010101010
-230590 (base 10) to base 11
-148278
Convert a6600 (base 11) to base 15.
30e67
Convert -1221462 (base 7) to base 15.
-31633
30100022 (base 4) to base 5
3101221
What is 4024133231 (base 5) in base 12?
2836a43
3322002032 (base 5) to base 3
111120202122000
-9a5b0 (base 12) to base 10
-204756
What is 168000 (base 13) in base 6?
20001403
-814a9 (base 12) to base 4
-221012001
Convert c65692 (base 14) to base 2.
11001100011100110010000
Convert -12003102030 (base 5) to base 7.
-224431145
50455001 (base 6) to base 3
2201002001001
5e94 (base 16) to base 6
304032
-212410323 (base 5) to base 16
-dca9e
What is -24301502 (base 6) in base 7?
-6355355
Convert 101011111100011010111 (base 2) to base 3.
2201011020211
What is -47c236 (base 13) in base 12?
-6a679a
What is -1022210120210 (base 3) in base 2?
-10101100000010000000
What is -1848807 (base 11) in base 12?
-106b524
1372030 (base 11) to base 9
4386146
Convert -1491b15 (base 12) to base 13.
-b30807
-3df29c (base 16) to base 4
-33133022130
Convert 1101011010110010 (base 2) to base 11.
38326
-1020102022101 (base 3) to base 15
-ced74
Convert 1c2f0 (base 16) to base 15.
24310
1d21e6 (base 15) to base 10
1424691
What is 64b63 (base 12) in base 15?
2960c
1913c (base 14) to base 16
f782
143614523 (base 7) to base 8
44233375
Convert 17b729 (base 12) to base 2.
1100101000101010001
Convert 1504b21 (base 12) to base 3.
21222100100121
What is 1101210111201 (base 3) in base 11?
468a39
21310032002 (base 4) to base 9
4751665
113003013 (base 4) to base 7
542145
-11023032012 (base 4) to base 16
-14b386
1a749 (base 11) to base 2
111000010110011
What is 161680 (base 9) in base 7?
563451
What is 13364123 (base 9) in base 15?
8a4933
Convert 45a081 (base 13) to base 2.
110010010110110000100
Convert 847559 (base 11) to base 2.
101001011010010011110
What is -95a84 (base 15) in base 10?
-474874
What is -2210100121020 (base 3) in base 2?
-101101010000111011000
Convert 1000012102120000 (base 3) to base 7.
233605014
Convert 3f698 (base 16) to base 4.
333122120
Convert -214424111 (base 5) to base 11.
-58a391
220010222010 (base 3) to base 13
138444
Convert 10272848 (base 10) to base 2.
100111001100000001010000
What is -35645000 (base 7) in base 2?
-1100000110001011011011
What is -53456 (base 13) in base 6?
-3115035
1000000111111101011001010 (base 2) to base 15
1768486
-209042 (base 13) to base 2
-10111010001000101101
1a8e8 (base 16) to base 15
2236b
Convert 111102012211 (base 3) to base 4.
1000131313
Convert -514732 (base 8) to base 2.
-101001100111011010
2310111 (base 4) to base 10
11541
What is -16b8b (base 13) in base 8?
-125305
-2468c (base 13) to base 9
-111858
Convert -347071 (base 8) to base 11.
-809a2
45524 (base 12) to base 5
10423312
Convert 7442115 (base 9) to base 5.
2004442310
Convert -26b01 (base 14) to base 3.
-11211221022
Convert -32052242 (base 6) to base 4.
-3211201202
What is 1340515 (base 7) in base 13?
62cb0
-6d8eb (base 16) to base 8
-1554353
737cb (base 15) to base 4
1121122322
64286 (base 10) to base 15
140ab
What is 21c622 (base 14) in base 13?
31280c
-155603 (base 13) to base 10
-526100
36450 (base 15) to base 6
3413220
What is -10100110011110100 (base 2) in base 10?
-85236
What is 1220343 (base 5) in base 6?
255303
Convert 2224020 (base 6) to base 5.
12043312
Convert 105a7c (base 15) to base 6.
24404413
Convert -100110001101111101110 (base 2) to base 9.
-2317782
Convert -5b5a (base 13) to base 8.
-31167
What is 230202350 (base 6) in base 11?
2419a06
What is 412b30 (base 12) in base 4?
3321103110
What is 10105434 (base 7) in base 10?
842286
Convert -288571 (base 10) to base 3.
-112122211211
Convert 162a25 (base 11) to base 14.
681ac
What is 354a05 (base 11) in base 16?
896d1
What is -34443403 (base 5) in base 9?
-525418
What is -33464265 (base 7) in base 12?
-b82173
Convert -13023242 (base 5) to base 14.
-3425b
-11011202021 (base 3) to base 12
-3b697
What is -1213303032 (base 4) in base 11?
-270485
-211022111011 (base 3) to base 14
-b60c5
-10beec (base 16) to base 7
-12220366
26143136 (base 7) to base 3
11110221102112
Convert 5669 (base 14) to base 5.
434424
What is 33123110 (base 4) in base 9?
105608
28b9 (base 13) to base 12
34b6
202018 (base 11) to base 6
10543343
What is -61c060 (base 14) in base 2?
-1100100101010001000100
What is 7982c (base 14) in base 8?
1100460
1435350 (base 6) to base 14
222b0
What is 22432040 (base 5) in base 11?
128969
Convert 22120201221 (base 3) to base 2.
101001001111101001
-31791 (base 13) to base 11
-61004
1080321 (base 11) to base 3
10112222022202
What is 32b9844 (base 12) in base 3?
200020211112121
What is 11002013 (base 5) in base 7?
541035
What is 725dd (base 14) in base 15?
569ba
What is -202410231 (base 5) in base 8?
-3114533
What is 271755 (base 12) in base 2?
10011101100111110001
-200000110221111 (base 3) to base 13
-1ca3503
Convert 12112113 (base 4) to base 13.
bab7
2002220302 (base 4) to base 3
1000012000011
Convert -5155201 (base 6) to base 7.
-2054020
Convert 3bc08 (base 15) to base 5.
22113313
2545331 (base 6) to base 10
138583
316210 (base 9) to base 8
557535
-1c930 (base 14) to base 9
-121307
9d5f3 (base 16) to base 2
10011101010111110011
178d0 (base 16) to base 13
34ba4
What is 13055200 (base 6) in base 16?
68610
Convert -266810 (base 9) to base 8.
-475277
-1110286 (base 9) to base 15
-bbe96
Convert -701367 (base 9) to base 8.
-1451250
What is -2244024 (base 6) in base 3?
-12211122121
What is 1244152 (base 7) in base 9?
266601
What is -8a132 (base 12) in base 14?
-4ab66
209220 (base 11) to base 14
89bbb
-5e480 (base 15) to base 5
-34121040
Convert 32114541 (base 7) to base 11.
15a2742
-bb6790 (base 15) to base 4
-202010221320
Convert -25aa (base 11) to base 7.
-12606
What is -100001011101100010011 (base 2) in base 12?
-44a643
b86d32 (base 15) to base 7
134432411
1010100100000010110 (base 2) to base 15
6c859
-1002028 (base 11) to base 6
-102010045
Convert -4207257 (base 8) to base 3.
-2002210102122
12695 (base 14) to base 9
68014
-77a64 (base 11) to base 2
-11011100110111100
-8582 (base 10) to base 14
-31b0
Convert 2a053 (base 13) to base 14.
20bc4
What is 3203331103 (base 4) in base 2?
11100011111101010011
What is -645294 (base 10) in base 7?
-5325216
What is 10110110100001011 (base 2) in base 11?
64236
-69803 (base 10) to base 3
-10112202022
-b0b7b (base 13) to base 7
-2454445
What is -13132002322 (base 4) in base 12?
-7a518a
What is -53103225 (base 6) in base 2?
-101111001111110000001
-264377 (base 10) to base 4
-1000202321
-311209 (base 13) to base 11
-712275
Convert 442325 (base 8) to base 12.
72071
11223030123 (base 4) to base 3
2210120122220
What is -12261444 (base 9) in base 11?
-3431223
-10131433 (base 5) to base 2
-10100010110101000
-2552966 (base 10) to base 5
-1123143331
What is 7855 (base 9) in base 4?
1122221
Convert aa4a9 (base 11) to base 16.
27243
Convert -44857 (base 12) to base 7.
-526345
-b530c (base 13) to base 3
-121112202001
What is 1451862 (base 9) in base 8?
3036123
What is 1222122201202 (base 3) in base 11?
661534
What is -63420624 (base 7) in base 4?
-110132030103
What is -2300274 (base 8) in base 12?
-2604a4
-2000211011 (base 3) to base 10
-39964
-5075091 (base 11) to base 12
-300531b
What is 16b55 (base 16) in base 15?
1c85d
Convert 36213 (base 11) to base 12.
26231
-142159a (base 12) to base 6
-222135514
25635 (base 14) to base 9
148802
Convert 1310040142 (base 5) to base 14.
5d6368
Convert -1318267 (base 13) to base 5.
-3013042443
-1269a68 (base 12) to base 11
-2056689
23003 (base 5) to base 7
4514
-169a1 (base 12) to base 16
-7f09
e0059 (base 15) to base 12
2a2256
Convert 23